{"id":48,"date":"2015-11-05T09:47:43","date_gmt":"2015-11-05T09:47:43","guid":{"rendered":"http:\/\/www.am-puls.ch\/wordpress\/?page_id=48"},"modified":"2024-09-30T11:55:12","modified_gmt":"2024-09-30T11:55:12","slug":"ablauf-einer-behandlung","status":"publish","type":"page","link":"https:\/\/am-puls.ch\/index.php\/ablauf-einer-behandlung\/","title":{"rendered":"Ablauf einer hom\u00f6opathischen Behandlung Behandlung"},"content":{"rendered":"<h1>Ablauf einer hom\u00f6opathischen Behandlung<\/h1>\n<ol>\n<li>Ein ausf\u00fchrliches Erstgespr\u00e4ch (ca. 90 Min.) ist die Grundlage f\u00fcr eine individuelle Behandlung.<\/li>\n<li>Bei chronischen Krankheiten sind Folgekonsultationen im Abstand von 1\u20133 Monaten sinnvoll. Sie werden auf den Heilungsverlauf und die Bed\u00fcrfnisse der betroffenen Person abgestimmt.<\/li>\n<li>Mit einer Zusatzversicherung f\u00fcr alternative Heilmethoden werden die Behandlungskosten (ca. 80%) von den meisten Krankenkassen \u00fcbernommen.<\/li>\n<li>In akut F\u00e4llen bekommen Sie kurzfristig einen Termin<\/li>\n<li>Ausserhalb der Praxis\u00f6ffnungszeiten besteht ein Notfall-Service<\/li>\n<\/ol>\n","protected":false},"excerpt":{"rendered":"<p>Ablauf einer hom\u00f6opathischen Behandlung Ein ausf\u00fchrliches Erstgespr\u00e4ch (ca. 90 Min.) ist die Grundlage f\u00fcr eine individuelle Behandlung. Bei chronischen Krankheiten sind Folgekonsultationen im Abstand von 1\u20133 Monaten sinnvoll. Sie werden auf den Heilungsverlauf und die Bed\u00fcrfnisse der betroffenen Person abgestimmt. Mit einer Zusatzversicherung f\u00fcr alternative Heilmethoden werden die Behandlungskosten (ca. 80%) von den meisten Krankenkassen &hellip; <a href=\"https:\/\/am-puls.ch\/index.php\/ablauf-einer-behandlung\/\" class=\"more-link\"><span class=\"screen-reader-text\">Ablauf einer hom\u00f6opathischen Behandlung Behandlung<\/span> weiterlesen <span class=\"meta-nav\">&rarr;<\/span><\/a><\/p>\n","protected":false},"author":1,"featured_media":0,"parent":0,"menu_order":8,"comment_status":"closed","ping_status":"closed","template":"","meta":{"footnotes":""},"class_list":["post-48","page","type-page","status-publish","hentry"],"_links":{"self":[{"href":"https:\/\/am-puls.ch\/index.php\/wp-json\/wp\/v2\/pages\/48","targetHints":{"allow":["GET"]}}],"collection":[{"href":"https:\/\/am-puls.ch\/index.php\/wp-json\/wp\/v2\/pages"}],"about":[{"href":"https:\/\/am-puls.ch\/index.php\/wp-json\/wp\/v2\/types\/page"}],"author":[{"embeddable":true,"href":"https:\/\/am-puls.ch\/index.php\/wp-json\/wp\/v2\/users\/1"}],"replies":[{"embeddable":true,"href":"https:\/\/am-puls.ch\/index.php\/wp-json\/wp\/v2\/comments?post=48"}],"version-history":[{"count":2,"href":"https:\/\/am-puls.ch\/index.php\/wp-json\/wp\/v2\/pages\/48\/revisions"}],"predecessor-version":[{"id":1657,"href":"https:\/\/am-puls.ch\/index.php\/wp-json\/wp\/v2\/pages\/48\/revisions\/1657"}],"wp:attachment":[{"href":"https:\/\/am-puls.ch\/index.php\/wp-json\/wp\/v2\/media?parent=48"}],"curies":[{"name":"wp","href":"https:\/\/api.w.org\/{rel}","templated":true}]}}