{"id":397,"date":"2016-01-19T10:05:52","date_gmt":"2016-01-19T10:05:52","guid":{"rendered":"http:\/\/www.am-puls.ch\/wordpress\/?page_id=397"},"modified":"2024-10-07T11:37:15","modified_gmt":"2024-10-07T11:37:15","slug":"wickel","status":"publish","type":"page","link":"https:\/\/am-puls.ch\/index.php\/wickel\/","title":{"rendered":"Wickel"},"content":{"rendered":"<p><a href=\"begleitmassnahmen-tipps\/\">&#8211;&gt; Zur\u00fcck zur Auswahl<\/a><\/p>\n<h1>Wickel<\/h1>\n<h2><b>Vorbereitung<\/b><\/h2>\n<p>W\u00e4hlen Sie einen Zeitpunkt, an dem Sie sich oder Ihrem Kind die n\u00f6tige Zeit und Aufmerksamkeit widmen k\u00f6nnen. Immerhin gibt es ja einen Grund, warum sie krank sind.<\/p>\n<h2><b>Material<\/b><\/h2>\n<p>Besonders bew\u00e4hrt haben sich Naturmaterialien wie z.B. Leinen, Naturwolle, Seide. Bitte beachten Sie darauf, keine belasteten Stoffe oder synthetisch hergestellte Materialien zu verwenden. Ich selber arbeite viel mit Stoffwindeln als Innentuch.<\/p>\n<h2><b>Ablauf<\/b><\/h2>\n<ul>\n<li>Sie ben\u00f6tigen, um einen Wickel richtig anwenden zu k\u00f6nnen, immer mindestens zwei T\u00fccher oder Lagen.<\/li>\n<li>Das Innentuch (hier ist es besonders wichtig Naturmaterialien wie oben erw\u00e4hnt zu verwenden, da es direkt auf die Haut kommt).<\/li>\n<li>Das Aussentuch, welches zum Fixieren dient und f\u00fcr Kinder gerne in einem bunten Design verwendet werden kann.<\/li>\n<li>Tipp: Leinsamen, Kartoffeln in Haushaltspapier geben (Innentuch wird geschont)<\/li>\n<\/ul>\n<h2><b>Quarkwickel<\/b><\/h2>\n<ul>\n<li>Quark einen halben cm dick auf Tuch streichen<\/li>\n<li>Zwischen Haut und Quark nur eine Lage Stoff<\/li>\n<li>kalter Quarkwickel nur auf warme Haut<\/li>\n<li>Bei warmer Anwendung den Quark auftragen und \u00fcber einem Dampfbad auf einem umgekehrten Topfdeckel erw\u00e4rmen<\/li>\n<li>Nun fixieren Sie das ganze mit dem zweiten Tuch<\/li>\n<\/ul>\n<h2><b>Kartoffelwickel<\/b><\/h2>\n<ul>\n<li>Kartoffeln mit Schale weich kochen<\/li>\n<li>Kartoffeln auf dem Innentuch mit Faust zerdr\u00fccken, Tipp: Kartoffeln in Haushaltspapier zerdr\u00fccken, zerdr\u00fcckte Kartoffeln auf Stoff ist schwer auswaschbar<\/li>\n<li>Temperatur vor dem Auflegen pr\u00fcfen, Kartoffelwickel sind lange sehr heiss!<\/li>\n<li>Wickel mit flachgedr\u00fcckter W\u00e4rmeflasche warm halten<\/li>\n<\/ul>\n<h2><b>Zitronenwickel<\/b><\/h2>\n<ul>\n<li>Sollten Sie Zitronenwickel bevorzugen geben Sie den Saft \u00bd unbehandelten Zitrone in heisses Wasser, tr\u00e4nken Sie das Innentuch damit, wringen Sie es aus und legen Sie es so warm sie es vertragen auf die betroffene Stelle<\/li>\n<\/ul>\n<h2><b>Zwiebelwickel<\/b><\/h2>\n<ul>\n<li>Hacken oder schneiden Sie die enth\u00e4utete Zwiebel klein. Erw\u00e4rmen diese (z.B. auf dem Wasserbad) oder legen Sie bei Zimmertemperatur in den Innenwickel<\/li>\n<\/ul>\n<h2><b>Leinsamenwickel<\/b><\/h2>\n<ul>\n<li>Leinsamen in einem S\u00e4ckchen mit heissem Wasser aufquellen lassen und auf dem Tuch um den Hals legen<\/li>\n<\/ul>\n","protected":false},"excerpt":{"rendered":"<p>&#8211;&gt; Zur\u00fcck zur Auswahl Wickel Vorbereitung W\u00e4hlen Sie einen Zeitpunkt, an dem Sie sich oder Ihrem Kind die n\u00f6tige Zeit und Aufmerksamkeit widmen k\u00f6nnen. Immerhin gibt es ja einen Grund, warum sie krank sind. Material Besonders bew\u00e4hrt haben sich Naturmaterialien wie z.B. Leinen, Naturwolle, Seide. Bitte beachten Sie darauf, keine belasteten Stoffe oder synthetisch hergestellte &hellip; <a href=\"https:\/\/am-puls.ch\/index.php\/wickel\/\" class=\"more-link\"><span class=\"screen-reader-text\">Wickel<\/span> weiterlesen <span class=\"meta-nav\">&rarr;<\/span><\/a><\/p>\n","protected":false},"author":1,"featured_media":0,"parent":0,"menu_order":0,"comment_status":"closed","ping_status":"closed","template":"","meta":{"footnotes":""},"class_list":["post-397","page","type-page","status-publish","hentry"],"_links":{"self":[{"href":"https:\/\/am-puls.ch\/index.php\/wp-json\/wp\/v2\/pages\/397","targetHints":{"allow":["GET"]}}],"collection":[{"href":"https:\/\/am-puls.ch\/index.php\/wp-json\/wp\/v2\/pages"}],"about":[{"href":"https:\/\/am-puls.ch\/index.php\/wp-json\/wp\/v2\/types\/page"}],"author":[{"embeddable":true,"href":"https:\/\/am-puls.ch\/index.php\/wp-json\/wp\/v2\/users\/1"}],"replies":[{"embeddable":true,"href":"https:\/\/am-puls.ch\/index.php\/wp-json\/wp\/v2\/comments?post=397"}],"version-history":[{"count":3,"href":"https:\/\/am-puls.ch\/index.php\/wp-json\/wp\/v2\/pages\/397\/revisions"}],"predecessor-version":[{"id":1762,"href":"https:\/\/am-puls.ch\/index.php\/wp-json\/wp\/v2\/pages\/397\/revisions\/1762"}],"wp:attachment":[{"href":"https:\/\/am-puls.ch\/index.php\/wp-json\/wp\/v2\/media?parent=397"}],"curies":[{"name":"wp","href":"https:\/\/api.w.org\/{rel}","templated":true}]}}