{"id":363,"date":"2016-01-19T09:44:21","date_gmt":"2016-01-19T09:44:21","guid":{"rendered":"http:\/\/www.am-puls.ch\/wordpress\/?page_id=363"},"modified":"2024-10-07T08:15:46","modified_gmt":"2024-10-07T08:15:46","slug":"husten","status":"publish","type":"page","link":"https:\/\/am-puls.ch\/index.php\/husten\/","title":{"rendered":"Husten"},"content":{"rendered":"<p><a href=\"\/index.php\/begleitmassnahmen-tipps\/\">&#8211;&gt; Zur\u00fcck zur Auswahl<\/a><\/p>\n<h1>Husten<\/h1>\n<h2><b>Wickel bei Husten<\/b><\/h2>\n<p>Warme Brustwickel sorgen f\u00fcr eine bessere Durchblutung im Brustraum, wirken schleiml\u00f6send und hustenstillend. Die besten Erfolge erzielen Sie, wenn Sie die Brust mit reinem Oliven\u00f6l einreiben und erst dann den Wickel auflegen.<\/p>\n<p>H\u00e4ufigkeit: 3 Mal t\u00e4glich, bei Bedarf \u00f6fter.<\/p>\n<p>Folgende Wickel eignen sich (Anwendung siehe unter <a href=\"https:\/\/am-puls.ch\/index.php\/wickel\/\">Wickel<\/a>):<\/p>\n<ul>\n<li>Kartoffelwickel<\/li>\n<li>Zwiebelwickel<\/li>\n<li>Quarkwickel<\/li>\n<li>Oliven\u00f6l-Einreibungen<\/li>\n<li>F\u00fcr kleine Kinder: Auflage mit roher Schafwolle, Bienenwachs-, Leinsamen-, oder Kartoffelwickel<\/li>\n<\/ul>\n<h2><b>Hustens\u00e4fte<\/b><\/h2>\n<ul>\n<li><strong>Zwiebelsaft mit Honig:<\/strong><br \/>\n1 Zwiebel klein schneiden und ca. 1-2 Essl\u00f6ffel Honig dar\u00fcber verteilen. 1-2 Stunden bei Zimmertemperatur stehen lassen, den Saft abgiessen. Bei Kindern unter 1 Jahr den Saft mit Rohrzucker ansetzen. Zwiebelsaft \u00fcber den Tag verteilt ca. 5-6 Teel\u00f6ffel<\/li>\n<li><strong>Schwarzer Winterrettichsaft<\/strong>: Den Rettich auf ein Gef\u00e4ss setzen. Die Aush\u00f6hlung des Rettichs, je nach Gr\u00f6sse, mit braunem Zucker und 1 TL Honig auff\u00fcllen. Den Deckel wieder darauf setzen und so stehen lassen. Der Zucker l\u00f6st sich durch den Saft vom Rettich ziemlich schnell auf und schon nach ein paar Stunden hat man die ersten paar L\u00f6ffel abgetropften Hustensaft im darunter stehenden Glas, sofern das durch gestochene Loch daf\u00fcr auch wirklich gro\u00df genug ist.<\/li>\n<li><strong>Schleiml\u00f6sender Hustensaft<\/strong>: 10 g frischen Ingwer mit 5 g Honig in ca. 2 Tassen Wasser einkochen. Absieben. Von diesem Saft, t\u00e4glich 3&#215;1 Essl\u00f6ffel einnehmen.<\/li>\n<\/ul>\n<h2><b>Getr\u00e4nke bei Husten<\/b><\/h2>\n<ul>\n<li>Thymian-\/ Holunderbl\u00fcten\/ Schl\u00fcsselblumentee \u2013 Mischung: Thymiantee, Schl\u00fcsselblumentee und Holunderbl\u00fctentee zu gleichen Teilen aufgiessen und so heiss wie m\u00f6glich trinken, alle drei Tees wirken auch, wenn man sie einzeln trinkt.<\/li>\n<li>Hustentee (in Drogerien und Apotheken erh\u00e4ltlich).<\/li>\n<li>Holundersaft.<\/li>\n<\/ul>\n<h2><b>Inhalationen<\/b><\/h2>\n<p>Mit Salzwasser, Thymian- oder Hustentee (wegen Verbrennungsgefahr Kinder beaufsichtigen).<\/p>\n<h2><b>Massage<\/b><\/h2>\n<p>Die obere R\u00fcckenpartie beklopfen (besonders zwischen den Schulterbl\u00e4ttern).<\/p>\n","protected":false},"excerpt":{"rendered":"<p>&#8211;&gt; Zur\u00fcck zur Auswahl Husten Wickel bei Husten Warme Brustwickel sorgen f\u00fcr eine bessere Durchblutung im Brustraum, wirken schleiml\u00f6send und hustenstillend. Die besten Erfolge erzielen Sie, wenn Sie die Brust mit reinem Oliven\u00f6l einreiben und erst dann den Wickel auflegen. H\u00e4ufigkeit: 3 Mal t\u00e4glich, bei Bedarf \u00f6fter. Folgende Wickel eignen sich (Anwendung siehe unter Wickel): &hellip; <a href=\"https:\/\/am-puls.ch\/index.php\/husten\/\" class=\"more-link\"><span class=\"screen-reader-text\">Husten<\/span> weiterlesen <span class=\"meta-nav\">&rarr;<\/span><\/a><\/p>\n","protected":false},"author":1,"featured_media":0,"parent":0,"menu_order":0,"comment_status":"closed","ping_status":"closed","template":"","meta":{"footnotes":""},"class_list":["post-363","page","type-page","status-publish","hentry"],"_links":{"self":[{"href":"https:\/\/am-puls.ch\/index.php\/wp-json\/wp\/v2\/pages\/363","targetHints":{"allow":["GET"]}}],"collection":[{"href":"https:\/\/am-puls.ch\/index.php\/wp-json\/wp\/v2\/pages"}],"about":[{"href":"https:\/\/am-puls.ch\/index.php\/wp-json\/wp\/v2\/types\/page"}],"author":[{"embeddable":true,"href":"https:\/\/am-puls.ch\/index.php\/wp-json\/wp\/v2\/users\/1"}],"replies":[{"embeddable":true,"href":"https:\/\/am-puls.ch\/index.php\/wp-json\/wp\/v2\/comments?post=363"}],"version-history":[{"count":4,"href":"https:\/\/am-puls.ch\/index.php\/wp-json\/wp\/v2\/pages\/363\/revisions"}],"predecessor-version":[{"id":1710,"href":"https:\/\/am-puls.ch\/index.php\/wp-json\/wp\/v2\/pages\/363\/revisions\/1710"}],"wp:attachment":[{"href":"https:\/\/am-puls.ch\/index.php\/wp-json\/wp\/v2\/media?parent=363"}],"curies":[{"name":"wp","href":"https:\/\/api.w.org\/{rel}","templated":true}]}}