{"id":30,"date":"2015-11-03T17:52:28","date_gmt":"2015-11-03T17:52:28","guid":{"rendered":"http:\/\/www.am-puls.ch\/wordpress\/?page_id=30"},"modified":"2024-09-30T09:26:20","modified_gmt":"2024-09-30T09:26:20","slug":"klassische-homoopatie","status":"publish","type":"page","link":"https:\/\/am-puls.ch\/index.php\/klassische-homoopatie\/","title":{"rendered":"Klassische Hom\u00f6opathie"},"content":{"rendered":"<h1>Klassische Hom\u00f6opathie<\/h1>\n<ul>\n<li>ist eine eigenst\u00e4ndige Heilmethode mit genau beschriebenen Gesetzm\u00e4ssigkeiten.<\/li>\n<li>wurde vor \u00fcber 200 Jahren von Samuel Hahnemann entdeckt und weiterentwickelt.<\/li>\n<li>behandelt den kranken Menschen, nicht die Krankheit.<\/li>\n<li>aktiviert die Selbstheilungskr\u00e4fte, st\u00e4rkt das Immunsystem und regt die Lebenskraft an.<\/li>\n<li>basiert auf dem Prinzip: similia similibus curentur, d.h. \u00c4hnliches wird mit \u00c4hnlichem geheilt;<br \/>\ndie Symptome, die bei einem gesunden Menschen durch das <strong>hom\u00f6opathische Arzneimittel<\/strong> hervorgerufen werden, werden beim kranken Menschen durch diese Arznei geheilt. Beispiel: Nimmt ein gesunder Mensch wiederholt Coffea (Kaffeebohne) ein, wird er nerv\u00f6s und bekommt Schlafprobleme. Leidet ein Mensch unter Schlafproblemen und starker Nervosit\u00e4t, ist Coffea ein potenzielles Heilmittel.<\/li>\n<li>ist eine individuelle Heilmethode;<br \/>\nvon den \u00fcber 2000 <strong>hom\u00f6opathischen Arzneien<\/strong> wird die auf die Pers\u00f6nlichkeit des Patienten zugeschnittene Arznei gesucht.<\/li>\n<li>behandelt mit einem einzigen, <strong>hom\u00f6opathischen Mittel<\/strong>.<\/li>\n<\/ul>\n","protected":false},"excerpt":{"rendered":"<p>Klassische Hom\u00f6opathie ist eine eigenst\u00e4ndige Heilmethode mit genau beschriebenen Gesetzm\u00e4ssigkeiten. wurde vor \u00fcber 200 Jahren von Samuel Hahnemann entdeckt und weiterentwickelt. behandelt den kranken Menschen, nicht die Krankheit. aktiviert die Selbstheilungskr\u00e4fte, st\u00e4rkt das Immunsystem und regt die Lebenskraft an. basiert auf dem Prinzip: similia similibus curentur, d.h. \u00c4hnliches wird mit \u00c4hnlichem geheilt; die Symptome, die &hellip; <a href=\"https:\/\/am-puls.ch\/index.php\/klassische-homoopatie\/\" class=\"more-link\"><span class=\"screen-reader-text\">Klassische Hom\u00f6opathie<\/span> weiterlesen <span class=\"meta-nav\">&rarr;<\/span><\/a><\/p>\n","protected":false},"author":1,"featured_media":0,"parent":0,"menu_order":4,"comment_status":"closed","ping_status":"closed","template":"","meta":{"footnotes":""},"class_list":["post-30","page","type-page","status-publish","hentry"],"_links":{"self":[{"href":"https:\/\/am-puls.ch\/index.php\/wp-json\/wp\/v2\/pages\/30","targetHints":{"allow":["GET"]}}],"collection":[{"href":"https:\/\/am-puls.ch\/index.php\/wp-json\/wp\/v2\/pages"}],"about":[{"href":"https:\/\/am-puls.ch\/index.php\/wp-json\/wp\/v2\/types\/page"}],"author":[{"embeddable":true,"href":"https:\/\/am-puls.ch\/index.php\/wp-json\/wp\/v2\/users\/1"}],"replies":[{"embeddable":true,"href":"https:\/\/am-puls.ch\/index.php\/wp-json\/wp\/v2\/comments?post=30"}],"version-history":[{"count":3,"href":"https:\/\/am-puls.ch\/index.php\/wp-json\/wp\/v2\/pages\/30\/revisions"}],"predecessor-version":[{"id":1650,"href":"https:\/\/am-puls.ch\/index.php\/wp-json\/wp\/v2\/pages\/30\/revisions\/1650"}],"wp:attachment":[{"href":"https:\/\/am-puls.ch\/index.php\/wp-json\/wp\/v2\/media?parent=30"}],"curies":[{"name":"wp","href":"https:\/\/api.w.org\/{rel}","templated":true}]}}